ivided by w.
14
Suppose s = -2*s - 66. Let x = 39 + s. What is the remainder when x is divided by 3?
2
Suppose 0 = -0*v + 5*v - 30. Calculate the remainder when 1*19 + (-5 - -7) is divided by v.
3
Suppose -3*a = a + 2*w - 6, 4*a = 2*w + 26. What is the remainder when 17 is divided by a?
1
Let o = -7 + -1. Let s = o - -22. What is the remainder when 27 is divided by s?
13
Suppose 52 = r - 4*l, -r - 4*r + 245 = -5*l. Calculate the remainder when r is divided by 26.
22
Suppose -4*d - 11 = 3*j - 1, -5*j - 2 = 3*d. Calculate the remainder when 5 is divided by j.
1
Suppose -3*l - 4*h + 331 = 2*l, 0 = -4*l + h + 248. Calculate the remainder when l is divided by 16.
15
Let w = -1 - -4. Suppose 3*u - 6 = v - w*v, -8 = -4*v - 4*u. What is the remainder when -2*((-31)/2 - v) is divided by 11?
9
Let p(u) = u**2 - 3*u - 6. Let x(v) = -2*v + 2. Let t be x(-3). What is the remainder when p(t) is divided by 12?
10
Let w(j) = -j**2 - 10*j + 7. Let v(n) = 3*n + 3. Let l be v(8). Suppose -c = -4*c - l. What is the remainder when w(c) is divided by 6?
4
Suppose 2*g = -5*d + 7*g + 335, 128 = 2*d - 5*g. Suppose 2*c - 36 = -0*c. What is the remainder when d is divided by c?
15
Let u(j) = -7*j**3 - 6*j**2 - 3*j - 2. Let w(c) = 3*c**3 + 3*c**2 + c + 1. Let m(x) = -2*u(x) - 5*w(x). What is the remainder when m(-4) is divided by 6?
5
Suppose 2*u = -2*u + 40. What is the remainder when (58/(-6))/(3/(-9)) is divided by u?
9
Let l(s) = 2*s**2 - 4. Let r be (-33)/12 - 4/16. What is the remainder when 27 is divided by l(r)?
13
Let k(q) = 4*q + 74. Suppose 4*u - 11 = u + 5*x, 5*x = 10. What is the remainder when k(-14) is divided by u?
4
Let a = 0 + 0. Suppose 4*t - 2*u - 48 - 36 = a, -4*t = -4*u - 92. Let x = -6 + 16. What is the remainder when t is divided by x?
9
Let l = -12 - -22. Let u(o) = o**3 - 5*o**2 + 4*o + 4. Let k be u(4). Calculate the remainder when 79/k - (-6)/(-8) is divided by l.
9
Suppose -3*u + 704 = u. Suppose 4*n = 80 + u. Calculate the remainder when n is divided by 22.
20
Let q(i) = -i - 12. Let a be q(-12). Suppose -51 = -x + 5*o, a = -x - o - o + 65. Calculate the remainder when x is divided by 32.
29
Suppose 3*w - 8 = 7. Suppose -4*p + 8 = 0, 0 = -2*b - 2*b - p + 18. Suppose -b*l - 4*t = -40, -4*t - 38 = -l - l. What is the remainder when l is divided by w?
3
What is the remainder when 4/(-10) + (-2736)/(-90) is divided by 7?
2
Suppose 5*v - 61 = 24. Let m = 8 - 4. What is the remainder when v is divided by m?
1
Suppose -38 - 28 = -6*a. Suppose 3*b - 10 = a. What is the remainder when 19 is divided by b?
5
Let c be 1/(-1)*-2 + -9. What is the remainder when (-2)/c + 267/21 is divided by 5?
3
Suppose 0 = -5*y - 3*z + 57, -6 + 2 = 4*z. Calculate the remainder when 34 is divided by y.
10
Let s(g) = -g + 6. Let y be s(5). Let f(a) = 14*a - 1. Let x(j) = 8*j**2 + 2*j + 1. What is the remainder when x(2) is divided by f(y)?
11
Let f(l) = -l**2 + 33*l - 22. What is the remainder when f(12) is divided by 33?
32
Suppose 0 = 4*n - 5*w + w - 52, 0 = -n + 5*w + 29. Suppose 3*d + 3*v = 3, 0 = 4*d - 2*v - 25 + 9. Calculate the remainder when n is divided by d.
0
Suppose -2*i = 0, -3*i = -3*y + 2 + 13. What is the remainder when y is divided by 4?
1
Suppose -8 = 4*u - 2*c + 12, 5*c - 1 = 3*u. Let d = 12 + u. Suppose -2*t = -d*t + 39. Calculate the remainder when t is divided by 5.
3
Let r be (-1 - -3)/(3 - 2). What is the remainder when 3475/55 + r/(-11) is divided by 16?
15
Let w(t) = t**2 + 4*t - 8. Suppose -38 = 2*j - 3*j. Calculate the remainder when j is divided by w(-7).
12
Suppose 24 = 3*s - 0. Suppose -43 = -2*i + 19. Calculate the remainder when i is divided by s.
7
Let c(z) = 6*z**2. Let x be c(-2). Suppose -5*n = x + 86. Let a = 32 + n. Calculate the remainder when 28 is divided by a.
8
Let o(t) = t**2 + t + 2. What is the remainder when o(-8) is divided by 10?
8
Suppose 8*u - 4*u - 32 = 0. Let n(s) = -s**3 + s**2 - s + 21. What is the remainder when n(0) is divided by u?
5
Suppose 3*h = 7*h - 16. Suppose -3*b + 2*r + 51 = -0*r, 2*r = h*b - 68. What is the remainder when 49 is divided by b?
15
Suppose 15 = h + 4*h. Suppose -h*u = 7 - 37. Calculate the remainder when 0 - -27 - 6/(-3) is divided by u.
9
Let f(o) = -o**2 - 9*o - 11. Let u = 15 + -11. Let n(w) = w**3 - 4*w**2 + 3*w. Calculate the remainder when n(u) is divided by f(-6).
5
Let f(c) = -25*c**3 + 7 + 45*c**3 + 7*c**2 - 21*c**3 - 8*c. What is the remainder when 31 is divided by f(5)?
14
What is the remainder when (-1)/(12/8)*-39 is divided by 10?
6
Let j(v) = v**2 + 18. What is the remainder when j(0) is divided by 10?
8
Let o(w) be the third derivative of -w**4/8 - w**3/6 - 2*w**2. Suppose 11 = g + b, -8 = -g - 4*b - 0. What is the remainder when o(-8) is divided by g?
11
Suppose 8*z = 11*z - 141. Calculate the remainder when z is divided by 17.
13
Let c(l) = -l**3 + 7*l**2 + 10*l - 12. Let i be c(8). Let s = 9 - i. Calculate the remainder when s is divided by 3.
2
Suppose -90 = h - 4*h. Let n be -5*(4 + -5)/1. What is the remainder when 7 is divided by n*(-9)/h*-2?
1
Let c(d) = -87*d - 1. Let j be c(-1). Let b = j - 57. Calculate the remainder when b is divided by 8.
5
Let d be (3 - 2)/(2/4). Let r = 7 + d. Calculate the remainder when r is divided by 6.
3
Suppose -2*j + 40 = -88. Suppose -5*a + 9*a - j = 0. Calculate the remainder when a is divided by 6.
4
Suppose -44 = 4*a - 16. Let p(s) = s**3 + 9*s**2 - 1. What is the remainder when p(a) is divided by 25?
22
Suppose r + 5*l - 41 = 0, r + 2*l + 9 = 41. What is the remainder when r is divided by 15?
11
Let t(y) = -9*y + 1. Let b be t(-1). Suppose 2*q - b = -3*q. Suppose 0 = -q*g + 4*g - 12. Calculate the remainder when 16 is divided by g.
4
Suppose -4*z + 73 = -q, 4*z - 3*q = -18 + 85. Let g = 4 + 32. Calculate the remainder when g is divided by z.
17
Suppose -5*f + 92 = -z - 370, 2*z + 372 = 4*f. What is the remainder when (f/3)/((-8)/(-12)) is divided by 16?
14
Suppose 0 = -w, 2*w + 9 = 3*y - w. Let j = -20 - -13. Calculate the remainder when (3 + -1 + j)/(-1) is divided by y.
2
Suppose 0 = -3*n - n - 3*o + 297, -302 = -4*n + 2*o. Calculate the remainder when 372 is divided by n.
72
Let k(o) = -5*o + 1. Calculate the remainder when (34/(-6))/((-4)/12) is divided by k(-1).
5
Let t = -17 - -27. Let z(n) = -2*n + 4. What is the remainder when z(-5) is divided by ((-4)/t)/(2/(-40))?
6
Let f(k) = -6*k + 11. Calculate the remainder when f(-7) is divided by 14.
11
Let j(b) be the third derivative of b**6/120 - b**5/10 + b**4/12 + 4*b**3/3 + b**2. What is the remainder when j(6) is divided by 7?
6
Let a be 12/2*6/4. Suppose -a - 3 = -4*k. Suppose 12 = k*i - 138. Calculate the remainder when i is divided by 13.
11
Let a = -1 + -10. Let t = -7 - a. Suppose -k = 3*d - 17, d + 0*k = 2*k + 15. What is the remainder when d is divided by t?
3
Let v = -6 - -13. Calculate the remainder when 19 is divided by 136/14 + 2/v.
9
Suppose 1 + 5 = 2*y. Suppose -y = -d + 5*t, -2*t - 22 = -3*d - 0*d. What is the remainder when 31 is divided by d?
7
Suppose -3*h + a = 13, -7*a + 5 = -2*a. Let g = 7 + h. Suppose g*q + 0*x = 2*x + 35, x + 45 = 4*q. What is the remainder when 21 is divided by q?
10
Suppose 16 = g + 5*m, -2*m = 1 - 3. Let h = 13 + -6. Calculate the remainder when g is divided by h.
4
Suppose -f = 4*d - 43, -d + 3*f - 2 = -f. Suppose y - 33 = 4*y. Let j = y - -17. What is the remainder when d is divided by j?
4
Let h(i) = i**3 + 4*i**2 - i + 5. Let q = 15 - 17. Calculate the remainder when (17/(-2))/1*q is divided by h(-4).
8
Let t(h) be the first derivative of 2*h**2 + 8*h + 2. Calculate the remainder when t(6) is divided by 17.
15
Let a(z) = -z**2 + 11*z - 11. Let c(m) = m**2 - 12*m + 11. Let v(i) = -3*a(i) - 2*c(i). Let q = 0 + 2. Calculate the remainder when v(8) is divided by q.
1
Let q = -10 + 19. Suppose -5*s = -w + 6, -2*s + 0 + 4 = 0. Calculate the remainder when w is divided by q.
7
Let x(g) = -24*g**3 + g**2. Suppose q - u - 27 = 3*q, 0 = 2*u + 6. Let t be 8/q - 2/6. Calculate the remainder when x(t) is divided by 9.
7
Suppose 4*j - 4*g - 84 = 0, -39*j = -38*j - 4*g - 12. Let t = 177 - 82. What is the remainder when t is divided by j?
23
Let m be (-22)/8 - 2/8. Let a(x) = 2*x**2 + 3*x + 3. Calculate the remainder when (-2)/(-3) - 824/(-24) 